{"id":52,"date":"2018-01-15T14:50:25","date_gmt":"2018-01-15T14:50:25","guid":{"rendered":"https:\/\/hovederne.dk\/?page_id=52"},"modified":"2023-08-07T19:27:55","modified_gmt":"2023-08-07T19:27:55","slug":"sy-maerker","status":"publish","type":"page","link":"https:\/\/broderioghobby.dk\/?page_id=52","title":{"rendered":"Sy m\u00e6rker"},"content":{"rendered":"<p><span style=\"font-family: comic sans ms,sans-serif;\">Diverse sy m\u00e6rker kan fremstilles. Har du et bilm\u00e6rke, et logo, eller noget privat som du gerne vil have broderet, s\u00e5 skriv, priser fra 12 kr.<\/span><\/p>\n<p><span style=\"font-family: 'comic sans ms', sans-serif;\">Hvis du selv har noget du gerne vil have broderet, og du har en fil, s\u00e5 er det prim\u00e6rt JEF fil. Har du ingen fil, men et billede, s\u00e5 kan jeg lave filen.&nbsp;<\/span><\/p>\n\n<div class=\"ngg-galleryoverview caption-view  ngg-ajax-pagination-none\"\n\tid=\"ngg-gallery-433d3e275a62c151e4eee9cc84005eaf-1\">\n\n    <div class=\"ngg-caption-view-wrapper\">\n                                        <div id=\"ngg-image-0\" class=\"ngg-gallery-thumbnail-box ngg-3-columns\" >\n                                                    <div class=\"ngg-gallery-thumbnail\">\n                                <a href=\"https:\/\/broderioghobby.dk\/wp-content\/gallery\/sy-maerker\/20180526_113830.jpg\"\n                                   title=\"Rygm\u00e6rker til knallert klub\"\n                                   data-src=\"https:\/\/broderioghobby.dk\/wp-content\/gallery\/sy-maerker\/20180526_113830.jpg\"\n                                   data-thumbnail=\"https:\/\/broderioghobby.dk\/wp-content\/gallery\/sy-maerker\/thumbs\/thumbs_20180526_113830.jpg\"\n                                   data-image-id=\"158\"\n                                   data-title=\"Rygm\u00e6rker til knallert klub\"\n                                   data-description=\"Rygm\u00e6rker til knallert klub\"\n                                   data-image-slug=\"20180526_113830\"\n                                    class=\"ngg-fancybox\" rel=\"433d3e275a62c151e4eee9cc84005eaf\">\n                                    <img title=\"Rygm\u00e6rker til knallert klub\"\n                                         alt=\"Rygm\u00e6rker til knallert klub\"\n                                         src=\"https:\/\/broderioghobby.dk\/wp-content\/gallery\/sy-maerker\/cache\/20180526_113830.jpg-nggid03158-ngg0dyn-210x160x100-00f0w010c011r110f110r010t010.jpg\"\n                                         width=\"210\"\n                                         height=\"160\"\n                                         style=\"max-width:100%;\"\/>\n                                <\/a>\n                                                                    <span style=\"max-width: 210px\">\n                                        Rygm\u00e6rker til knallert klub                                    <\/span>\n                                                            <\/div>\n                                            <\/div>\n                                                <div id=\"ngg-image-1\" class=\"ngg-gallery-thumbnail-box ngg-3-columns\" >\n                                                    <div class=\"ngg-gallery-thumbnail\">\n                                <a href=\"https:\/\/broderioghobby.dk\/wp-content\/gallery\/sy-maerker\/20171228_115218-e1517005607803.jpg\"\n                                   title=\"Diverse sy m\u00e6rker\"\n                                   data-src=\"https:\/\/broderioghobby.dk\/wp-content\/gallery\/sy-maerker\/20171228_115218-e1517005607803.jpg\"\n                                   data-thumbnail=\"https:\/\/broderioghobby.dk\/wp-content\/gallery\/sy-maerker\/thumbs\/thumbs_20171228_115218-e1517005607803.jpg\"\n                                   data-image-id=\"45\"\n                                   data-title=\"Diverse sy m\u00e6rker\"\n                                   data-description=\"Diverse sy m\u00e6rker\"\n                                   data-image-slug=\"20171228_115218-e1517005607803\"\n                                    class=\"ngg-fancybox\" rel=\"433d3e275a62c151e4eee9cc84005eaf\">\n                                    <img title=\"Diverse sy m\u00e6rker\"\n                                         alt=\"Diverse sy m\u00e6rker\"\n                                         src=\"https:\/\/broderioghobby.dk\/wp-content\/gallery\/sy-maerker\/cache\/20171228_115218-e1517005607803.jpg-nggid0245-ngg0dyn-210x160x100-00f0w010c011r110f110r010t010.jpg\"\n                                         width=\"210\"\n                                         height=\"160\"\n                                         style=\"max-width:100%;\"\/>\n                                <\/a>\n                                                                    <span style=\"max-width: 210px\">\n                                        Diverse sy m\u00e6rker                                    <\/span>\n                                                            <\/div>\n                                            <\/div>\n                                                <div id=\"ngg-image-2\" class=\"ngg-gallery-thumbnail-box ngg-3-columns\" >\n                                                    <div class=\"ngg-gallery-thumbnail\">\n                                <a href=\"https:\/\/broderioghobby.dk\/wp-content\/gallery\/sy-maerker\/20180311_102344.jpg\"\n                                   title=\"Diverse sy m\u00e6rker\"\n                                   data-src=\"https:\/\/broderioghobby.dk\/wp-content\/gallery\/sy-maerker\/20180311_102344.jpg\"\n                                   data-thumbnail=\"https:\/\/broderioghobby.dk\/wp-content\/gallery\/sy-maerker\/thumbs\/thumbs_20180311_102344.jpg\"\n                                   data-image-id=\"125\"\n                                   data-title=\"Diverse sy m\u00e6rker\"\n                                   data-description=\"Diverse sy m\u00e6rker\"\n                                   data-image-slug=\"20180311_102344\"\n                                    class=\"ngg-fancybox\" rel=\"433d3e275a62c151e4eee9cc84005eaf\">\n                                    <img title=\"Diverse sy m\u00e6rker\"\n                                         alt=\"Diverse sy m\u00e6rker\"\n                                         src=\"https:\/\/broderioghobby.dk\/wp-content\/gallery\/sy-maerker\/cache\/20180311_102344.jpg-nggid03125-ngg0dyn-210x160x100-00f0w010c011r110f110r010t010.jpg\"\n                                         width=\"210\"\n                                         height=\"160\"\n                                         style=\"max-width:100%;\"\/>\n                                <\/a>\n                                                                    <span style=\"max-width: 210px\">\n                                        Diverse sy m\u00e6rker                                    <\/span>\n                                                            <\/div>\n                                            <\/div>\n                                                <div id=\"ngg-image-3\" class=\"ngg-gallery-thumbnail-box ngg-3-columns\" >\n                                                    <div class=\"ngg-gallery-thumbnail\">\n                                <a href=\"https:\/\/broderioghobby.dk\/wp-content\/gallery\/sy-maerker\/20230311_120132.jpg\"\n                                   title=\"\"\n                                   data-src=\"https:\/\/broderioghobby.dk\/wp-content\/gallery\/sy-maerker\/20230311_120132.jpg\"\n                                   data-thumbnail=\"https:\/\/broderioghobby.dk\/wp-content\/gallery\/sy-maerker\/thumbs\/thumbs_20230311_120132.jpg\"\n                                   data-image-id=\"331\"\n                                   data-title=\"20230311_120132\"\n                                   data-description=\"\"\n                                   data-image-slug=\"20230311_120132\"\n                                    class=\"ngg-fancybox\" rel=\"433d3e275a62c151e4eee9cc84005eaf\">\n                                    <img title=\"20230311_120132\"\n                                         alt=\"20230311_120132\"\n                                         src=\"https:\/\/broderioghobby.dk\/wp-content\/gallery\/sy-maerker\/cache\/20230311_120132.jpg-nggid03331-ngg0dyn-210x160x100-00f0w010c011r110f110r010t010.jpg\"\n                                         width=\"210\"\n                                         height=\"160\"\n                                         style=\"max-width:100%;\"\/>\n                                <\/a>\n                                                                    <span style=\"max-width: 210px\">\n                                                                            <\/span>\n                                                            <\/div>\n                                            <\/div>\n                                                <div id=\"ngg-image-4\" class=\"ngg-gallery-thumbnail-box ngg-3-columns\" >\n                                                    <div class=\"ngg-gallery-thumbnail\">\n                                <a href=\"https:\/\/broderioghobby.dk\/wp-content\/gallery\/sy-maerker\/2d65d500-1d0c-4898-85ac-695705021432MSGR_PHOTO_FOR_UPLOAD_.jpeg\"\n                                   title=\"\"\n                                   data-src=\"https:\/\/broderioghobby.dk\/wp-content\/gallery\/sy-maerker\/2d65d500-1d0c-4898-85ac-695705021432MSGR_PHOTO_FOR_UPLOAD_.jpeg\"\n                                   data-thumbnail=\"https:\/\/broderioghobby.dk\/wp-content\/gallery\/sy-maerker\/thumbs\/thumbs_2d65d500-1d0c-4898-85ac-695705021432MSGR_PHOTO_FOR_UPLOAD_.jpeg\"\n                                   data-image-id=\"332\"\n                                   data-title=\"2d65d500-1d0c-4898-85ac-695705021432MSGR_PHOTO_FOR_UPLOAD_\"\n                                   data-description=\"\"\n                                   data-image-slug=\"2d65d500-1d0c-4898-85ac-695705021432msgr_photo_for_upload_\"\n                                    class=\"ngg-fancybox\" rel=\"433d3e275a62c151e4eee9cc84005eaf\">\n                                    <img title=\"2d65d500-1d0c-4898-85ac-695705021432MSGR_PHOTO_FOR_UPLOAD_\"\n                                         alt=\"2d65d500-1d0c-4898-85ac-695705021432MSGR_PHOTO_FOR_UPLOAD_\"\n                                         src=\"https:\/\/broderioghobby.dk\/wp-content\/gallery\/sy-maerker\/cache\/2d65d500-1d0c-4898-85ac-695705021432MSGR_PHOTO_FOR_UPLOAD_.jpeg-nggid03332-ngg0dyn-210x160x100-00f0w010c011r110f110r010t010.jpeg\"\n                                         width=\"210\"\n                                         height=\"160\"\n                                         style=\"max-width:100%;\"\/>\n                                <\/a>\n                                                                    <span style=\"max-width: 210px\">\n                                                                            <\/span>\n                                                            <\/div>\n                                            <\/div>\n                                        <\/div>\n\n    \n            <div class='ngg-clear'><\/div>    <\/div>\n\n\n","protected":false},"excerpt":{"rendered":"<p>Diverse sy m\u00e6rker kan fremstilles. Har du et bilm\u00e6rke, et logo, eller noget privat som du gerne vil have broderet, s\u00e5 skriv, priser fra 12 kr. Hvis du selv har noget du gerne vil have broderet, og du har en fil, s\u00e5 er det prim\u00e6rt JEF fil. Har du ingen fil, men et billede, s\u00e5 [&hellip;]<\/p>\n","protected":false},"author":1,"featured_media":0,"parent":24,"menu_order":6,"comment_status":"closed","ping_status":"closed","template":"","meta":{"ngg_post_thumbnail":0},"_links":{"self":[{"href":"https:\/\/broderioghobby.dk\/index.php?rest_route=\/wp\/v2\/pages\/52"}],"collection":[{"href":"https:\/\/broderioghobby.dk\/index.php?rest_route=\/wp\/v2\/pages"}],"about":[{"href":"https:\/\/broderioghobby.dk\/index.php?rest_route=\/wp\/v2\/types\/page"}],"author":[{"embeddable":true,"href":"https:\/\/broderioghobby.dk\/index.php?rest_route=\/wp\/v2\/users\/1"}],"replies":[{"embeddable":true,"href":"https:\/\/broderioghobby.dk\/index.php?rest_route=%2Fwp%2Fv2%2Fcomments&post=52"}],"version-history":[{"count":17,"href":"https:\/\/broderioghobby.dk\/index.php?rest_route=\/wp\/v2\/pages\/52\/revisions"}],"predecessor-version":[{"id":1446,"href":"https:\/\/broderioghobby.dk\/index.php?rest_route=\/wp\/v2\/pages\/52\/revisions\/1446"}],"up":[{"embeddable":true,"href":"https:\/\/broderioghobby.dk\/index.php?rest_route=\/wp\/v2\/pages\/24"}],"wp:attachment":[{"href":"https:\/\/broderioghobby.dk\/index.php?rest_route=%2Fwp%2Fv2%2Fmedia&parent=52"}],"curies":[{"name":"wp","href":"https:\/\/api.w.org\/{rel}","templated":true}]}}